{"id":1801,"date":"2022-10-17T10:23:04","date_gmt":"2022-10-17T08:23:04","guid":{"rendered":"https:\/\/baeren-green-energy.at\/impresszum\/"},"modified":"2026-03-24T12:21:26","modified_gmt":"2026-03-24T11:21:26","slug":"impresszum","status":"publish","type":"page","link":"https:\/\/baeren-green-energy.at\/hu\/impresszum\/","title":{"rendered":"Impresszum"},"content":{"rendered":"\t\t<div data-elementor-type=\"wp-page\" data-elementor-id=\"1801\" class=\"elementor elementor-1801 elementor-786\" data-elementor-post-type=\"page\">\n\t\t\t\t\t\t<section class=\"elementor-section elementor-top-section elementor-element elementor-element-e8adb5a elementor-section-boxed elementor-section-height-default elementor-section-height-default\" data-id=\"e8adb5a\" data-element_type=\"section\" data-e-type=\"section\">\n\t\t\t\t\t\t<div class=\"elementor-container elementor-column-gap-default\">\n\t\t\t\t\t<div class=\"elementor-column elementor-col-100 elementor-top-column elementor-element elementor-element-aed52ab\" data-id=\"aed52ab\" data-element_type=\"column\" data-e-type=\"column\">\n\t\t\t<div class=\"elementor-widget-wrap elementor-element-populated\">\n\t\t\t\t\t\t<div class=\"elementor-element elementor-element-ab11add elementor-widget elementor-widget-heading\" data-id=\"ab11add\" data-element_type=\"widget\" data-e-type=\"widget\" data-widget_type=\"heading.default\">\n\t\t\t\t<div class=\"elementor-widget-container\">\n\t\t\t\t\t<h2 class=\"elementor-heading-title elementor-size-default\">Impresszum<\/h2>\t\t\t\t<\/div>\n\t\t\t\t<\/div>\n\t\t\t\t\t<\/div>\n\t\t<\/div>\n\t\t\t\t\t<\/div>\n\t\t<\/section>\n\t\t\t\t<section class=\"elementor-section elementor-top-section elementor-element elementor-element-6b79438 elementor-section-boxed elementor-section-height-default elementor-section-height-default\" data-id=\"6b79438\" data-element_type=\"section\" data-e-type=\"section\">\n\t\t\t\t\t\t<div class=\"elementor-container elementor-column-gap-default\">\n\t\t\t\t\t<div class=\"elementor-column elementor-col-100 elementor-top-column elementor-element elementor-element-19bbe35\" data-id=\"19bbe35\" data-element_type=\"column\" data-e-type=\"column\">\n\t\t\t<div class=\"elementor-widget-wrap elementor-element-populated\">\n\t\t\t\t\t\t<div class=\"elementor-element elementor-element-34a0499 elementor-widget elementor-widget-text-editor\" data-id=\"34a0499\" data-element_type=\"widget\" data-e-type=\"widget\" data-widget_type=\"text-editor.default\">\n\t\t\t\t<div class=\"elementor-widget-container\">\n\t\t\t\t\t\t\t\t\t<p>A weboldal tartalm\u00e1\u00e9rt a Globo Handels GmbH felel. Nem v\u00e1llalunk felel\u0151ss\u00e9get k\u00fcls\u0151 tartalmak\u00e9rt, amelyekre hiperhivatkoz\u00e1ssal utalunk. Minden inform\u00e1ci\u00f3 a legjobb tud\u00e1sunk \u00e9s meggy\u0151z\u0151d\u00e9s\u00fcnk szerint ker\u00fcl megad\u00e1sra. Amennyiben m\u00e9gis hiba t\u00f6rt\u00e9nt, azt sajn\u00e1ljuk, de ebben az esetben sajnos nem tudunk felel\u0151ss\u00e9get v\u00e1llalni. Felh\u00edvjuk tov\u00e1bb\u00e1 a figyelmet, hogy t\u00e1j\u00e9koztat\u00e1si k\u00edn\u00e1latunkat az aktualiz\u00e1l\u00e1s \u00e9rdek\u00e9ben folyamatosan v\u00e1ltoztatjuk.<br>Ezen oldalak tartalma szerz\u0151i jogv\u00e9delem alatt \u00e1ll. \u00a9 Globo Handels GmbH     <\/p><p>M\u00e9dia tulajdonos &amp; Gy\u00e1rt\u00f3<br>B\u00e4ren Green Energy GmbH<br>Gewerbestrasse 3<br>A-9184 St. Jakob \/ Rosental<br>Ausztria<\/p><p>T +43 4253 32050-71<br>F +43 4253 32050-20<\/p><p>office@baeren-green-energy.com<\/p><p>C\u00e9gjegyz\u00e9ksz\u00e1m: FN397159h<br>C\u00e9gb\u00edr\u00f3s\u00e1g: Klagenfurti Tartom\u00e1nyi B\u00edr\u00f3s\u00e1g<br>Ad\u00f3sz\u00e1m: ATU67965017<\/p>\t\t\t\t\t\t\t\t<\/div>\n\t\t\t\t<\/div>\n\t\t\t\t\t<\/div>\n\t\t<\/div>\n\t\t\t\t\t<\/div>\n\t\t<\/section>\n\t\t\t\t<\/div>\n\t\t","protected":false},"excerpt":{"rendered":"<p>Impresszum A weboldal tartalm\u00e1\u00e9rt a Globo Handels GmbH felel. Nem v\u00e1llalunk felel\u0151ss\u00e9get k\u00fcls\u0151 tartalmak\u00e9rt, amelyekre hiperhivatkoz\u00e1ssal utalunk. Minden inform\u00e1ci\u00f3 a legjobb tud\u00e1sunk \u00e9s meggy\u0151z\u0151d\u00e9s\u00fcnk szerint ker\u00fcl megad\u00e1sra. Amennyiben m\u00e9gis hiba t\u00f6rt\u00e9nt, azt sajn\u00e1ljuk, de ebben az esetben sajnos nem tudunk felel\u0151ss\u00e9get v\u00e1llalni. Felh\u00edvjuk tov\u00e1bb\u00e1 a figyelmet, hogy t\u00e1j\u00e9koztat\u00e1si k\u00edn\u00e1latunkat az aktualiz\u00e1l\u00e1s \u00e9rdek\u00e9ben folyamatosan v\u00e1ltoztatjuk.Ezen oldalak [&hellip;]<\/p>\n","protected":false},"author":1,"featured_media":0,"parent":0,"menu_order":0,"comment_status":"closed","ping_status":"closed","template":"","meta":{"footnotes":""},"class_list":["post-1801","page","type-page","status-publish","hentry"],"_links":{"self":[{"href":"https:\/\/baeren-green-energy.at\/hu\/wp-json\/wp\/v2\/pages\/1801","targetHints":{"allow":["GET"]}}],"collection":[{"href":"https:\/\/baeren-green-energy.at\/hu\/wp-json\/wp\/v2\/pages"}],"about":[{"href":"https:\/\/baeren-green-energy.at\/hu\/wp-json\/wp\/v2\/types\/page"}],"author":[{"embeddable":true,"href":"https:\/\/baeren-green-energy.at\/hu\/wp-json\/wp\/v2\/users\/1"}],"replies":[{"embeddable":true,"href":"https:\/\/baeren-green-energy.at\/hu\/wp-json\/wp\/v2\/comments?post=1801"}],"version-history":[{"count":1,"href":"https:\/\/baeren-green-energy.at\/hu\/wp-json\/wp\/v2\/pages\/1801\/revisions"}],"predecessor-version":[{"id":1803,"href":"https:\/\/baeren-green-energy.at\/hu\/wp-json\/wp\/v2\/pages\/1801\/revisions\/1803"}],"wp:attachment":[{"href":"https:\/\/baeren-green-energy.at\/hu\/wp-json\/wp\/v2\/media?parent=1801"}],"curies":[{"name":"wp","href":"https:\/\/api.w.org\/{rel}","templated":true}]}}

<div data-elementor-type="wp-page" data-elementor-id="1801" class="elementor elementor-1801 elementor-786" data-elementor-post-type="page">
						<section class="elementor-section elementor-top-section elementor-element elementor-element-e8adb5a elementor-section-boxed elementor-section-height-default elementor-section-height-default" data-id="e8adb5a" data-element_type="section" data-e-type="section">
						<div class="elementor-container elementor-column-gap-default">
					<div class="elementor-column elementor-col-100 elementor-top-column elementor-element elementor-element-aed52ab" data-id="aed52ab" data-element_type="column" data-e-type="column">
			<div class="elementor-widget-wrap elementor-element-populated">
						<div class="elementor-element elementor-element-ab11add elementor-widget elementor-widget-heading" data-id="ab11add" data-element_type="widget" data-e-type="widget" data-widget_type="heading.default">
				<div class="elementor-widget-container">
					<h2 class="elementor-heading-title elementor-size-default">Impresszum</h2>				</div>
				</div>
					</div>
		</div>
					</div>
		</section>
				<section class="elementor-section elementor-top-section elementor-element elementor-element-6b79438 elementor-section-boxed elementor-section-height-default elementor-section-height-default" data-id="6b79438" data-element_type="section" data-e-type="section">
						<div class="elementor-container elementor-column-gap-default">
					<div class="elementor-column elementor-col-100 elementor-top-column elementor-element elementor-element-19bbe35" data-id="19bbe35" data-element_type="column" data-e-type="column">
			<div class="elementor-widget-wrap elementor-element-populated">
						<div class="elementor-element elementor-element-34a0499 elementor-widget elementor-widget-text-editor" data-id="34a0499" data-element_type="widget" data-e-type="widget" data-widget_type="text-editor.default">
				<div class="elementor-widget-container">
									<p>A weboldal tartalmáért a Globo Handels GmbH felel. Nem vállalunk felelősséget külső tartalmakért, amelyekre hiperhivatkozással utalunk. Minden információ a legjobb tudásunk és meggyőződésünk szerint kerül megadásra. Amennyiben mégis hiba történt, azt sajnáljuk, de ebben az esetben sajnos nem tudunk felelősséget vállalni. Felhívjuk továbbá a figyelmet, hogy tájékoztatási kínálatunkat az aktualizálás érdekében folyamatosan változtatjuk.<br>Ezen oldalak tartalma szerzői jogvédelem alatt áll. © Globo Handels GmbH     </p><p>Média tulajdonos &amp; Gyártó<br>Bären Green Energy GmbH<br>Gewerbestrasse 3<br>A-9184 St. Jakob / Rosental<br>Ausztria</p><p>T +43 4253 32050-71<br>F +43 4253 32050-20</p><p>office@baeren-green-energy.com</p><p>Cégjegyzékszám: FN397159h<br>Cégbíróság: Klagenfurti Tartományi Bíróság<br>Adószám: ATU67965017</p>								</div>
				</div>
					</div>
		</div>
					</div>
		</section>
				</div>

<p>Impresszum A weboldal tartalmáért a Globo Handels GmbH felel. Nem vállalunk felelősséget külső tartalmakért, amelyekre hiperhivatkozással utalunk. Minden információ a legjobb tudásunk és meggyőződésünk szerint kerül megadásra. Amennyiben mégis hiba történt, azt sajnáljuk, de ebben az esetben sajnos nem tudunk felelősséget vállalni. Felhívjuk továbbá a figyelmet, hogy tájékoztatási kínálatunkat az aktualizálás érdekében folyamatosan változtatjuk.Ezen oldalak [&hellip;]</p>
